est common factor of 12 and q?
12
Let r be 995*(-8)/(-20) - (-4 - 5). Calculate the highest common divisor of 143 and r.
11
Let g be (-6)/(1*(-12)/(-32)). Let j be 280/32 - 4/g. Calculate the greatest common divisor of 216 and j.
9
Let t(u) = 2*u**3 + 7*u**2 + 9*u + 53. Let k be t(-4). Let p be k/(1/9*3). Let a be 15*(0 - 0 - -1). What is the highest common factor of a and p?
3
Let r(p) = -p**2 + 91*p + 296. Let w be r(87). What is the highest common divisor of 1196 and w?
92
Let u(z) = -61*z + 3978. Let m be u(65). What is the highest common factor of 4069 and m?
13
Let v = -23 - -55. Let s be 1/((-148)/(-16) - 9). What is the greatest common divisor of v and s?
4
Let i(v) = -v**2 - v + 1727. Let p be i(0). What is the highest common divisor of p and 11?
11
Let z(p) = 5*p - 5. Let d be z(3). Let r(x) = -x**3 - 6*x**2 - 2*x + 16. Let c be r(-6). Let y = c - -52. Calculate the highest common divisor of d and y.
10
Let a be 288/(-20) - -10 - 4/(-10). Let s be 159 + (-9)/(-6)*a/(-6). Calculate the greatest common factor of s and 8.
8
Suppose 99*i - 21911 - 1843 = -8*i. Calculate the greatest common divisor of i and 19425.
111
Let y be 3/(-5) + (42/(-30) - -4). Suppose -w = 4*w - h - 5, y*w + 3*h = 19. Let g be 5*w - (1 - 4)/(-3). What is the highest common factor of 63 and g?
9
Let x(c) = c**3 - 10*c**2 - 19*c + 23. Let w = -115 - -127. Let l be x(w). Let t = -61 + l. Calculate the highest common divisor of t and 55.
11
Let f = 26 - 58. Let h = f + 52. Suppose -6696*j = -6717*j + 735. Calculate the greatest common factor of h and j.
5
Suppose 0 = -629*p + 626*p + 150. Let o(j) = 125*j**2 - 2*j + 1. Let w be o(1). Let c = w + -49. Calculate the highest common divisor of c and p.
25
Suppose -7*j = 11*a - 14*a + 1444, -4*a - j = -2008. Calculate the greatest common divisor of 1400 and a.
100
Suppose 10202 + 7122 = 46*u + 15*u. Calculate the greatest common divisor of u and 11218.
142
Suppose -199*l = -29*l - 12640 - 450. What is the highest common divisor of l and 350?
7
Suppose 2*j - 14*j + 108 = 0. Let a be -3 + ((-3)/j*3 - -277). Calculate the greatest common factor of a and 39.
39
Let d(f) = -9*f**3 - 2*f - 1. Let c(p) = p**3 - 4*p**2 + 7. Let m be c(3). Let q be d(m). Calculate the highest common factor of q and 45.
15
Suppose -24*p + 86 + 10 = 0. Suppose 36*z = p*z + 128. Suppose 5*d = 177 + 163. Calculate the greatest common factor of z and d.
4
Suppose -18*n = -486 - 4032. What is the greatest common factor of n and 37901?
251
Suppose -k = -4*z + 84, -2*z + 18 = -z - k. Suppose 180 = 78*u - 80*u. Let m = u + 189. What is the greatest common factor of z and m?
11
Let k(b) = -b**3 + 7*b**2 - 5*b + 1. Let n be k(5). Suppose 0 = 532*c + 238*c - 3080. What is the highest common divisor of c and n?
2
Let g = 226 + -201. Suppose -60 = -3*i + 150. What is the greatest common divisor of g and i?
5
Let k(y) = -38*y**2 + y**3 + 13*y - 29*y + 36 + 48*y**2. Let t be k(-11). What is the greatest common divisor of 7 and t?
7
Suppose 3*j = 2*o - 29512, 6*o + 0*j - 88536 = j. Calculate the highest common divisor of 68 and o.
68
Suppose -o - 69 = -2*m - 4*o, 3*m - 103 = -5*o. Suppose -m*r + 625 - 49 = 0. Suppose -c + 5*c - 96 = 0. What is the greatest common divisor of c and r?
8
Let b(o) = o**3 + 7*o**2 + 6*o - 7. Let i be b(-5). Calculate the greatest common factor of i and 7969.
13
Suppose -4*b + 2*d = -2*b - 670, -d = -5*b + 1687. Suppose 0 = 4*c - 46 - b. Let y = -1 + 13. What is the greatest common factor of y and c?
12
Let b = 215 + -809. Let i be ((-1 + 2)*1)/((-3)/b). Calculate the greatest common divisor of i and 22.
22
Let x(y) = 15*y**3 + 18*y**2 + 62*y + 44. Let q be x(11). What is the greatest common divisor of 594 and q?
297
Suppose -7201 = -34*j + 3169. Calculate the highest common factor of j and 2013.
61
Let m be ((-348)/54)/((-65)/(-117))*15/(-1). Suppose -g - 11 + 0 = -y, 0 = -3*y - 2*g + 38. What is the highest common factor of m and y?
6
Let k(y) = 27*y + 58. Let u be k(-2). Suppose -20 = -4*n + j, u*n + 7*j = 3*j. Calculate the greatest common divisor of 36 and n.
4
Let g(b) = -b**2 - b + 7. Let v be (0/(-1))/((-5)/5 - -2). Let h be g(v). Calculate the greatest common factor of 56 and h.
7
Suppose -5*c + 164 = 4*p, 3*p - 158 = -16*c + 11*c. Calculate the highest common divisor of c and 203.
7
Let k(p) = -5*p**3 + 2*p**2 + 8*p - 13. Let l be k(3). Let u be (-63)/189 - l/3. Calculate the highest common factor of 45 and u.
5
Let n be (-802158)/(-1562) - (-12)/(-22). Calculate the greatest common factor of n and 38.
19
Let v(a) = 4*a**2 + 14*a - 4. Let q be v(-5). Let l = -176 - 14. Let o = 294 + l. What is the highest common factor of o and q?
26
Let d(a) = -a - 2. Let r be d(2). Let w be (-2)/8 + (-33)/r. Let k = -2393 - -2433. Calculate the greatest common divisor of w and k.
8
Let z be (-2)/3 - (-3231)/27. Suppose -109*a + z*a - 150 = 0. What is the greatest common factor of a and 20?
5
Let g = -219 + 312. Let c be ((-7 - 53) + 5)*4/(-10). Let m = 9 + c. What is the highest common divisor of g and m?
31
Suppose -3*y = 5*t - 149, 3*y - 164 = -4*t + 2*t. What is the greatest common factor of y and 34?
2
Let y(w) = 2*w**3 - w**2 - 29*w - 3. Let c be y(6). Let g = c + -127. Calculate the highest common divisor of g and 23.
23
Let g = 433 + -430. Let w = -87 - -180. Calculate the greatest common divisor of w and g.
3
Suppose 5*g - 5*a - 85 = 0, 5*g + 4*a - 92 = 38. Suppose -49*z = -5*k - 46*z + 180, -3*z = 15. Calculate the highest common factor of k and g.
11
Suppose -195 = -6*w + w. Let s = w - -171. Suppose 7*b - 168 = 3*b. What is the greatest common divisor of b and s?
42
Let q = 3780 - 2961. What is the greatest common divisor of q and 504?
63
Let t be (-2)/(-2)*-6 + 3 + 13200/25. Calculate the greatest common divisor of 675 and t.
75
Let h(n) = 126*n + 616. Let t be h(0). What is the highest common divisor of 3542 and t?
154
Suppose a - 2*y - 24 = 0, 0*y + 99 = 3*a + 3*y. Let x be 6*-10*a/(-90). Calculate the highest common divisor of 4 and x.
4
Suppose 3*o = 4*s - 18, o + 5*s - 9 = -2*o. Let g be (1 + (-1 - (o - -3)))*-6. Let k be (-2 + 8/(-1))/((-3)/g). What is the greatest common divisor of 80 and k?
20
Suppose 62674 = -908*o + 178898. Suppose 146 = 5*u - 29. Suppose n + c = u, -c - 85 = -3*n + 8. Calculate the highest common divisor of n and o.
32
Suppose 0 = 12*v - 7*v - 20, p - 4*v - 19156 = 0. What is the greatest common divisor of 4 and p?
4
Let p = 3136 - 2767. What is the greatest common divisor of 99 and p?
9
Suppose 118*n + 8582 - 42330 = 0. What is the highest common divisor of n and 442?
26
Let v(h) = h**3 - 8*h**2 + 8*h - 25. Let a be v(8). Let q = -15 + a. What is the highest common divisor of 96 and q?
24
Let i = -10070 + 17438. Calculate the highest common factor of 24 and i.
24
Let w(d) = -13*d**2 + 348*d + 111. Let t be w(27). What is the greatest common factor of t and 390?
30
Let x be 738 + (1/2)/((-2)/(-12)). What is the greatest common factor of 1843 and x?
19
Let x(v) = 6*v + 15. Let b be (1 - (2 - 4)) + 2/1. Let s be x(b). Suppose 3*z - 4*z = -360. What is the greatest common divisor of s and z?
45
Let y = 27 - 35. Let v be y/(-4)*201/6*-1. Let s = -46 - v. Calculate the greatest common divisor of s and 63.
21
Let j(x) = 5*x**2 + 27*x - 116. Let f be j(16). What is the highest common divisor of 24 and f?
12
Suppose -2556 = -q + 2224. What is the highest common factor of 40 and q?
20
Let i = -3888 + 4468. Calculate the highest common divisor of i and 1276.
116
Let q be -2 + (20 - 0/(-1)). Let g(o) = 135*o**2 - 9*o + 2. Let r be g(1). Let u be (-2)/(-6)*((r - -6) + 1). Calculate the greatest common divisor of q and u.
9
Suppose 0 = 22*y + 2*y - 1393 - 3215. What is the greatest common factor of 17088 and y?
192
Suppose -1127*j + 1153*j = 390. What is the highest common divisor of 69240 and j?
15
Let h = 16802 - 16620. What is the greatest common divisor of h and 32942?
182
Suppose -5*u + 18 = -2*g, -4*u - 2*g + 2 = u. Let s(p) = -4 - p - 1 - 5 + p**u. Let b be s(4). Calculate the greatest common divisor of b and 10.
2
Suppose 144*m - 150486 = -27510. Calculate the greatest common factor of m and 112.
14
Suppose 44 = 3*m + u + 15, 2*u - 44 = -4*m. Calculate the greatest common divisor of m and 9317.
7
Let n